CRAN Package Check Results for Package MazamaSpatialUtils

Last updated on 2021-12-06 03:53:03 CET.

Flavor Version Tinstall Tcheck Ttotal Status Flags
r-devel-linux-x86_64-debian-clang 0.7.6 9.97 99.29 109.26 OK
r-devel-linux-x86_64-debian-gcc 0.7.6 7.24 76.04 83.28 OK
r-devel-linux-x86_64-fedora-clang 0.7.6 131.83 NOTE
r-devel-linux-x86_64-fedora-gcc 0.7.6 125.48 NOTE
r-devel-windows-x86_64-new-UL 0.7.6 30.00 189.00 219.00 OK
r-devel-windows-x86_64-new-TK 0.7.6 NOTE
r-devel-windows-x86_64-old 0.7.6 23.00 115.00 138.00 OK
r-patched-linux-x86_64 0.7.6 10.92 88.56 99.48 OK
r-release-linux-x86_64 0.7.6 8.23 97.39 105.62 OK
r-release-macos-arm64 0.7.6 NOTE
r-release-macos-x86_64 0.7.6 NOTE
r-release-windows-ix86+x86_64 0.7.6 34.00 176.00 210.00 OK
r-oldrel-macos-x86_64 0.7.6 NOTE
r-oldrel-windows-ix86+x86_64 0.7.6 31.00 182.00 213.00 OK

Check Details

Version: 0.7.6
Check: data for non-ASCII characters
Result: NOTE
     Note: found 17 marked UTF-8 strings
Flavors: r-devel-linux-x86_64-fedora-clang, r-devel-linux-x86_64-fedora-gcc, r-devel-windows-x86_64-new-TK, r-release-macos-arm64, r-release-macos-x86_64, r-oldrel-macos-x86_64