CRAN Package Check Results for Package MatrixLDA

Last updated on 2024-07-24 15:51:41 CEST.

Flavor Version Tinstall Tcheck Ttotal Status Flags
r-devel-linux-x86_64-debian-clang 0.2 25.28 46.53 71.81 NOTE
r-devel-linux-x86_64-debian-gcc 0.2 20.35 38.13 58.48 NOTE
r-devel-linux-x86_64-fedora-clang 0.2 113.16 NOTE
r-devel-linux-x86_64-fedora-gcc 0.2 109.68 NOTE
r-devel-windows-x86_64 0.2 26.00 73.00 99.00 NOTE
r-patched-linux-x86_64 0.2 31.82 47.89 79.71 NOTE
r-release-linux-x86_64 0.2 26.31 48.23 74.54 NOTE
r-release-macos-arm64 0.2 32.00 NOTE
r-release-macos-x86_64 0.2 46.00 NOTE
r-release-windows-x86_64 0.2 31.00 73.00 104.00 NOTE
r-oldrel-macos-arm64 0.2 42.00 NOTE
r-oldrel-macos-x86_64 0.2 55.00 NOTE
r-oldrel-windows-x86_64 0.2 30.00 85.00 115.00 NOTE

Check Details

Version: 0.2
Check: LazyData
Result: NOTE 'LazyData' is specified without a 'data' directory Flavors: r-devel-linux-x86_64-debian-clang, r-devel-linux-x86_64-debian-gcc, r-devel-linux-x86_64-fedora-clang, r-devel-linux-x86_64-fedora-gcc, r-devel-windows-x86_64, r-patched-linux-x86_64, r-release-linux-x86_64, r-release-macos-arm64, r-release-macos-x86_64, r-release-windows-x86_64, r-oldrel-macos-arm64, r-oldrel-macos-x86_64, r-oldrel-windows-x86_64