Last updated on 2023-01-29 03:55:18 CET.
Flavor | Version | Tinstall | Tcheck | Ttotal | Status | Flags |
---|---|---|---|---|---|---|
r-devel-linux-x86_64-debian-clang | 0.1.13 | 155.69 | 214.24 | 369.93 | OK | |
r-devel-linux-x86_64-debian-gcc | 0.1.13 | 129.58 | 157.74 | 287.32 | NOTE | |
r-devel-linux-x86_64-fedora-clang | 0.1.13 | 524.74 | OK | |||
r-devel-linux-x86_64-fedora-gcc | 0.1.13 | 500.50 | NOTE | |||
r-devel-windows-x86_64 | 0.1.13 | 252.00 | 258.00 | 510.00 | OK | |
r-patched-linux-x86_64 | 0.1.13 | 138.44 | 202.37 | 340.81 | OK | |
r-release-linux-x86_64 | 0.1.13 | 142.53 | 203.78 | 346.31 | OK | |
r-release-macos-arm64 | 0.1.13 | 113.00 | NOTE | |||
r-release-macos-x86_64 | 0.1.13 | 156.00 | NOTE | |||
r-release-windows-x86_64 | 0.1.13 | 176.00 | 258.00 | 434.00 | OK | |
r-oldrel-macos-arm64 | 0.1.13 | 103.00 | NOTE | |||
r-oldrel-macos-x86_64 | 0.1.13 | 149.00 | NOTE | |||
r-oldrel-windows-ix86+x86_64 | 0.1.13 | 184.00 | 247.00 | 431.00 | OK |
Version: 0.1.13
Check: C++ specification
Result: NOTE
Specified C++11: please update to current default of C++17
Flavors: r-devel-linux-x86_64-debian-gcc, r-devel-linux-x86_64-fedora-gcc
Version: 0.1.13
Check: installed package size
Result: NOTE
installed size is 11.4Mb
sub-directories of 1Mb or more:
R 2.1Mb
libs 9.1Mb
Flavors: r-release-macos-arm64, r-release-macos-x86_64, r-oldrel-macos-arm64, r-oldrel-macos-x86_64