CRAN Package Check Results for Package ManifoldOptim

Last updated on 2022-01-28 04:00:53 CET.

Flavor Version Tinstall Tcheck Ttotal Status Flags
r-devel-linux-x86_64-debian-clang 1.0.1 202.66 37.99 240.65 OK
r-devel-linux-x86_64-debian-gcc 1.0.1 155.12 29.16 184.28 OK
r-devel-linux-x86_64-fedora-clang 1.0.1 435.36 NOTE
r-devel-linux-x86_64-fedora-gcc 1.0.1 323.86 OK
r-devel-windows-x86_64-new-UL 1.0.1 606.00 87.00 693.00 OK
r-devel-windows-x86_64-new-TK 1.0.1 OK
r-patched-linux-x86_64 1.0.1 174.98 36.28 211.26 OK
r-release-linux-x86_64 1.0.1 178.83 35.47 214.30 OK
r-release-macos-arm64 1.0.1 NOTE
r-release-macos-x86_64 1.0.1 NOTE
r-release-windows-ix86+x86_64 1.0.1 870.00 84.00 954.00 OK
r-oldrel-macos-x86_64 1.0.1 NOTE
r-oldrel-windows-ix86+x86_64 1.0.1 868.00 79.00 947.00 OK

Check Details

Version: 1.0.1
Check: installed package size
Result: NOTE
     installed size is 9.2Mb
     sub-directories of 1Mb or more:
     libs 8.8Mb
Flavors: r-devel-linux-x86_64-fedora-clang, r-release-macos-arm64, r-release-macos-x86_64, r-oldrel-macos-x86_64