CRAN Package Check Results for Package MainExistingDatasets

Last updated on 2022-09-25 03:54:34 CEST.

Flavor Version Tinstall Tcheck Ttotal Status Flags
r-devel-linux-x86_64-debian-clang 1.0.1 40.35 360.92 401.27 OK
r-devel-linux-x86_64-debian-gcc 1.0.1 30.83 257.26 288.09 OK
r-devel-linux-x86_64-fedora-clang 1.0.1 457.60 NOTE
r-devel-linux-x86_64-fedora-gcc 1.0.1 457.54 NOTE
r-devel-windows-x86_64 1.0.1 73.00 336.00 409.00 OK
r-patched-linux-x86_64 1.0.1 35.79 342.05 377.84 OK
r-release-linux-x86_64 1.0.1 29.94 339.41 369.35 OK
r-release-macos-arm64 1.0.1 135.00 NOTE
r-release-macos-x86_64 1.0.1 166.00 NOTE
r-release-windows-x86_64 1.0.1 64.00 337.00 401.00 OK
r-oldrel-macos-arm64 1.0.1 119.00 NOTE
r-oldrel-macos-x86_64 1.0.1 157.00 NOTE
r-oldrel-windows-ix86+x86_64 1.0.1 89.00 357.00 446.00 OK

Check Details

Version: 1.0.1
Check: data for non-ASCII characters
Result: NOTE
     Note: found 41 marked UTF-8 strings
Flavors: r-devel-linux-x86_64-fedora-clang, r-devel-linux-x86_64-fedora-gcc, r-release-macos-arm64, r-release-macos-x86_64, r-oldrel-macos-arm64, r-oldrel-macos-x86_64