CRAN Package Check Results for Package MachineShop

Last updated on 2024-06-14 03:57:25 CEST.

Flavor Version Tinstall Tcheck Ttotal Status Flags
r-devel-linux-x86_64-debian-clang 3.7.0 63.48 420.80 484.28 OK
r-devel-linux-x86_64-debian-gcc 3.7.0 0.69 1.94 2.63 ERROR
r-devel-linux-x86_64-fedora-clang 3.7.0 599.88 OK
r-devel-linux-x86_64-fedora-gcc 3.7.0 581.73 OK
r-devel-windows-x86_64 3.7.0 49.00 320.00 369.00 OK
r-patched-linux-x86_64 3.7.0 61.82 397.76 459.58 OK
r-release-linux-x86_64 3.7.0 38.66 402.50 441.16 OK
r-release-macos-arm64 3.7.0 148.00 OK
r-release-macos-x86_64 3.7.0 257.00 OK
r-release-windows-x86_64 3.7.0 53.00 302.00 355.00 OK
r-oldrel-macos-arm64 3.7.0 169.00 OK
r-oldrel-macos-x86_64 3.7.0 385.00 OK
r-oldrel-windows-x86_64 3.7.0 76.00 412.00 488.00 OK

Check Details

Version: 3.7.0
Check: package dependencies
Result: ERROR Packages required but not available: 'dials', 'ggplot2', 'progress', 'recipes', 'rsample', 'tibble' Packages suggested but not available for checking: 'adabag', 'C50', 'censored', 'Hmisc', 'kableExtra', 'kknn', 'ParBayesianOptimization', 'parsnip', 'randomForestSRC', 'rms', 'testthat' See section ‘The DESCRIPTION file’ in the ‘Writing R Extensions’ manual. Flavor: r-devel-linux-x86_64-debian-gcc