CRAN Package Check Results for Package MVN

Last updated on 2022-01-25 04:00:09 CET.

Flavor Version Tinstall Tcheck Ttotal Status Flags
r-devel-linux-x86_64-debian-clang 5.9 4.22 62.36 66.58 OK
r-devel-linux-x86_64-debian-gcc 5.9 4.11 50.24 54.35 OK
r-devel-linux-x86_64-fedora-clang 5.9 80.12 OK
r-devel-linux-x86_64-fedora-gcc 5.9 66.56 OK
r-devel-windows-x86_64-new-UL 5.9 19.00 85.00 104.00 OK
r-devel-windows-x86_64-new-TK 5.9 ERROR
r-patched-linux-x86_64 5.9 4.79 54.90 59.69 OK
r-release-linux-x86_64 5.9 4.01 54.76 58.77 OK
r-release-macos-arm64 5.9 OK
r-release-macos-x86_64 5.9 OK
r-release-windows-ix86+x86_64 5.9 13.00 74.00 87.00 OK
r-oldrel-macos-x86_64 5.9 OK
r-oldrel-windows-ix86+x86_64 5.9 14.00 73.00 87.00 OK

Check Details

Version: 5.9
Check: package dependencies
Result: ERROR
    Package required but not available: 'car'
    
    See section 'The DESCRIPTION file' in the 'Writing R Extensions'
    manual.
Flavor: r-devel-windows-x86_64-new-TK