CRAN Package Check Results for Package MTSYS

Last updated on 2021-12-02 15:52:46 CET.

Flavor Version Tinstall Tcheck Ttotal Status Flags
r-devel-linux-x86_64-debian-clang 1.2.0 2.66 28.21 30.87 NOTE
r-devel-linux-x86_64-debian-gcc 1.2.0 2.09 22.15 24.24 NOTE
r-devel-linux-x86_64-fedora-clang 1.2.0 51.08 NOTE
r-devel-linux-x86_64-fedora-gcc 1.2.0 38.14 NOTE
r-devel-windows-x86_64-new-UL 1.2.0 10.00 76.00 86.00 NOTE
r-devel-windows-x86_64-new-TK 1.2.0 NOTE
r-devel-windows-x86_64-old 1.2.0 6.00 35.00 41.00 NOTE
r-patched-linux-x86_64 1.2.0 2.94 26.97 29.91 NOTE
r-patched-solaris-x86 1.2.0 55.20 NOTE
r-release-linux-x86_64 1.2.0 2.52 27.05 29.57 NOTE
r-release-macos-arm64 1.2.0 NOTE
r-release-macos-x86_64 1.2.0 NOTE
r-release-windows-ix86+x86_64 1.2.0 5.00 48.00 53.00 NOTE
r-oldrel-macos-x86_64 1.2.0 OK
r-oldrel-windows-ix86+x86_64 1.2.0 14.00 49.00 63.00 OK

Check Details

Version: 1.2.0
Check: LazyData
Result: NOTE
     'LazyData' is specified without a 'data' directory
Flavors: r-devel-linux-x86_64-debian-clang, r-devel-linux-x86_64-debian-gcc, r-devel-linux-x86_64-fedora-clang, r-devel-linux-x86_64-fedora-gcc, r-devel-windows-x86_64-new-UL, r-devel-windows-x86_64-new-TK, r-devel-windows-x86_64-old, r-patched-linux-x86_64, r-patched-solaris-x86, r-release-linux-x86_64, r-release-macos-arm64, r-release-macos-x86_64, r-release-windows-ix86+x86_64