CRAN Package Check Results for Package MSCquartets

Last updated on 2022-01-24 15:54:18 CET.

Flavor Version Tinstall Tcheck Ttotal Status Flags
r-devel-linux-x86_64-debian-clang 1.1.0 12.30 184.07 196.37 NOTE
r-devel-linux-x86_64-debian-gcc 1.1.0 8.75 132.21 140.96 NOTE
r-devel-linux-x86_64-fedora-clang 1.1.0 233.56 NOTE
r-devel-linux-x86_64-fedora-gcc 1.1.0 225.19 NOTE
r-devel-windows-x86_64-new-UL 1.1.0 70.00 187.00 257.00 NOTE
r-devel-windows-x86_64-new-TK 1.1.0 NOTE
r-patched-linux-x86_64 1.1.0 13.54 175.46 189.00 NOTE
r-release-linux-x86_64 1.1.0 13.45 173.38 186.83 NOTE
r-release-macos-arm64 1.1.0 NOTE
r-release-macos-x86_64 1.1.0 NOTE
r-release-windows-ix86+x86_64 1.1.0 29.00 197.00 226.00 NOTE
r-oldrel-macos-x86_64 1.1.0 OK
r-oldrel-windows-ix86+x86_64 1.1.0 27.00 195.00 222.00 OK

Additional issues

donttest

Check Details

Version: 1.1.0
Check: LazyData
Result: NOTE
     'LazyData' is specified without a 'data' directory
Flavors: r-devel-linux-x86_64-debian-clang, r-devel-linux-x86_64-debian-gcc, r-devel-linux-x86_64-fedora-clang, r-devel-linux-x86_64-fedora-gcc, r-devel-windows-x86_64-new-UL, r-devel-windows-x86_64-new-TK, r-patched-linux-x86_64, r-release-linux-x86_64, r-release-macos-arm64, r-release-macos-x86_64, r-release-windows-ix86+x86_64