CRAN Package Check Results for Package MRH

Last updated on 2022-01-26 15:52:56 CET.

Flavor Version Tinstall Tcheck Ttotal Status Flags
r-devel-linux-x86_64-debian-clang 2.2 14.13 98.61 112.74 NOTE
r-devel-linux-x86_64-debian-gcc 2.2 13.29 77.48 90.77 NOTE
r-devel-linux-x86_64-fedora-clang 2.2 139.24 NOTE
r-devel-linux-x86_64-fedora-gcc 2.2 129.64 NOTE
r-devel-windows-x86_64-new-UL 2.2 40.00 120.00 160.00 OK
r-devel-windows-x86_64-new-TK 2.2 OK
r-patched-linux-x86_64 2.2 14.32 95.46 109.78 NOTE
r-release-linux-x86_64 2.2 13.07 94.99 108.06 NOTE
r-release-macos-arm64 2.2 OK
r-release-macos-x86_64 2.2 OK
r-release-windows-ix86+x86_64 2.2 31.00 129.00 160.00 OK
r-oldrel-macos-x86_64 2.2 OK
r-oldrel-windows-ix86+x86_64 2.2 31.00 127.00 158.00 OK

Check Details

Version: 2.2
Check: for non-standard things in the check directory
Result: NOTE
    Found the following files/directories:
     'MRH_lung'
Flavors: r-devel-linux-x86_64-debian-clang, r-devel-linux-x86_64-debian-gcc, r-devel-linux-x86_64-fedora-clang, r-devel-linux-x86_64-fedora-gcc, r-patched-linux-x86_64, r-release-linux-x86_64

Version: 2.2
Check: compiled code
Result: NOTE
    File ‘MRH/libs/MRH.so’:
     Found no calls to: ‘R_registerRoutines’, ‘R_useDynamicSymbols’
    
    It is good practice to register native routines and to disable symbol
    search.
    
    See ‘Writing portable packages’ in the ‘Writing R Extensions’ manual.
Flavors: r-devel-linux-x86_64-fedora-clang, r-devel-linux-x86_64-fedora-gcc