CRAN Package Check Results for Package MPTinR

Last updated on 2022-01-27 02:51:34 CET.

Flavor Version Tinstall Tcheck Ttotal Status Flags
r-devel-linux-x86_64-debian-clang 1.14.1 61.42 194.12 255.54 OK
r-devel-linux-x86_64-debian-gcc 1.14.1 44.83 151.04 195.87 OK
r-devel-linux-x86_64-fedora-clang 1.14.1 320.16 NOTE
r-devel-linux-x86_64-fedora-gcc 1.14.1 300.87 OK
r-devel-windows-x86_64-new-UL 1.14.1 78.00 261.00 339.00 OK
r-devel-windows-x86_64-new-TK 1.14.1 OK
r-patched-linux-x86_64 1.14.1 49.99 187.29 237.28 OK
r-release-linux-x86_64 1.14.1 53.56 183.48 237.04 OK
r-release-macos-arm64 1.14.1 NOTE
r-release-macos-x86_64 1.14.1 NOTE
r-release-windows-ix86+x86_64 1.14.1 125.00 269.00 394.00 OK
r-oldrel-macos-x86_64 1.14.1 NOTE
r-oldrel-windows-ix86+x86_64 1.14.1 126.00 268.00 394.00 OK

Check Details

Version: 1.14.1
Check: installed package size
Result: NOTE
     installed size is 9.9Mb
     sub-directories of 1Mb or more:
     libs 8.6Mb
Flavors: r-devel-linux-x86_64-fedora-clang, r-release-macos-arm64, r-release-macos-x86_64, r-oldrel-macos-x86_64