Last updated on 2023-01-29 16:55:03 CET.
Flavor | Version | Tinstall | Tcheck | Ttotal | Status | Flags |
---|---|---|---|---|---|---|
r-devel-linux-x86_64-debian-clang | 0.1-20 | 2.16 | 28.52 | 30.68 | NOTE | |
r-devel-linux-x86_64-debian-gcc | 0.1-20 | 1.84 | 22.04 | 23.88 | NOTE | |
r-devel-linux-x86_64-fedora-clang | 0.1-20 | 40.15 | NOTE | |||
r-devel-linux-x86_64-fedora-gcc | 0.1-20 | 39.80 | NOTE | |||
r-devel-windows-x86_64 | 0.1-20 | 25.00 | 61.00 | 86.00 | NOTE | |
r-patched-linux-x86_64 | 0.1-20 | 2.67 | 26.83 | 29.50 | OK | |
r-release-linux-x86_64 | 0.1-20 | 2.41 | 27.71 | 30.12 | OK | |
r-release-macos-arm64 | 0.1-20 | 16.00 | OK | |||
r-release-macos-x86_64 | 0.1-20 | 23.00 | OK | |||
r-release-windows-x86_64 | 0.1-20 | 23.00 | 60.00 | 83.00 | OK | |
r-oldrel-macos-arm64 | 0.1-20 | 17.00 | OK | |||
r-oldrel-macos-x86_64 | 0.1-20 | 27.00 | OK | |||
r-oldrel-windows-ix86+x86_64 | 0.1-20 | 6.00 | 54.00 | 60.00 | OK |
Version: 0.1-20
Check: Rd files
Result: NOTE
checkRd: (-1) Context.Rd:27: Escaped LaTeX specials: \&
checkRd: (-1) binom.diagnostics.Rd:48: Escaped LaTeX specials: \&
checkRd: (-1) psyfun.boot.Rd:23: Escaped LaTeX specials: \&
checkRd: (-1) psyfun.boot.Rd:28: Escaped LaTeX specials: \&
Flavors: r-devel-linux-x86_64-debian-clang, r-devel-linux-x86_64-debian-gcc, r-devel-linux-x86_64-fedora-clang, r-devel-linux-x86_64-fedora-gcc, r-devel-windows-x86_64
Version: 0.1-20
Check: Rd cross-references
Result: NOTE
Undeclared package ‘lme4’ in Rd xrefs
Flavor: r-devel-linux-x86_64-fedora-clang