CRAN Package Check Results for Package MOTE

Last updated on 2022-01-24 15:54:18 CET.

Flavor Version Tinstall Tcheck Ttotal Status Flags
r-devel-linux-x86_64-debian-clang 1.0.2 12.87 115.98 128.85 OK
r-devel-linux-x86_64-debian-gcc 1.0.2 9.72 85.60 95.32 OK
r-devel-linux-x86_64-fedora-clang 1.0.2 155.30 OK
r-devel-linux-x86_64-fedora-gcc 1.0.2 148.00 OK
r-devel-windows-x86_64-new-UL 1.0.2 46.00 142.00 188.00 OK
r-devel-windows-x86_64-new-TK 1.0.2 ERROR
r-patched-linux-x86_64 1.0.2 13.59 107.83 121.42 OK
r-release-linux-x86_64 1.0.2 9.61 107.92 117.53 OK
r-release-macos-arm64 1.0.2 OK
r-release-macos-x86_64 1.0.2 OK
r-release-windows-ix86+x86_64 1.0.2 31.00 132.00 163.00 OK
r-oldrel-macos-x86_64 1.0.2 OK
r-oldrel-windows-ix86+x86_64 1.0.2 30.00 132.00 162.00 OK

Check Details

Version: 1.0.2
Check: package dependencies
Result: ERROR
    Packages required but not available: 'MBESS', 'ez'
    
    See section 'The DESCRIPTION file' in the 'Writing R Extensions'
    manual.
Flavor: r-devel-windows-x86_64-new-TK