CRAN Package Check Results for Package MMVBVS

Last updated on 2022-01-29 03:59:28 CET.

Flavor Version Tinstall Tcheck Ttotal Status Flags
r-devel-linux-x86_64-debian-clang 0.8.0 42.73 67.43 110.16 NOTE
r-devel-linux-x86_64-debian-gcc 0.8.0 34.21 50.24 84.45 NOTE
r-devel-linux-x86_64-fedora-clang 0.8.0 142.83 NOTE
r-devel-linux-x86_64-fedora-gcc 0.8.0 126.12 NOTE
r-devel-windows-x86_64-new-UL 0.8.0 51.00 102.00 153.00 NOTE
r-devel-windows-x86_64-new-TK 0.8.0 NOTE
r-patched-linux-x86_64 0.8.0 36.42 57.62 94.04 NOTE
r-release-linux-x86_64 0.8.0 40.69 57.47 98.16 NOTE
r-release-macos-arm64 0.8.0 NOTE
r-release-macos-x86_64 0.8.0 NOTE
r-release-windows-ix86+x86_64 0.8.0 105.00 105.00 210.00 NOTE
r-oldrel-macos-x86_64 0.8.0 OK
r-oldrel-windows-ix86+x86_64 0.8.0 107.00 113.00 220.00 OK

Check Details

Version: 0.8.0
Check: LazyData
Result: NOTE
     'LazyData' is specified without a 'data' directory
Flavors: r-devel-linux-x86_64-debian-clang, r-devel-linux-x86_64-debian-gcc, r-devel-linux-x86_64-fedora-clang, r-devel-linux-x86_64-fedora-gcc, r-devel-windows-x86_64-new-UL, r-devel-windows-x86_64-new-TK, r-patched-linux-x86_64, r-release-linux-x86_64, r-release-macos-arm64, r-release-macos-x86_64, r-release-windows-ix86+x86_64