CRAN Package Check Results for Package MLML2R

Last updated on 2022-01-27 02:51:33 CET.

Flavor Version Tinstall Tcheck Ttotal Status Flags
r-devel-linux-x86_64-debian-clang 0.3.3 2.21 39.36 41.57 OK
r-devel-linux-x86_64-debian-gcc 0.3.3 1.94 30.42 32.36 OK
r-devel-linux-x86_64-fedora-clang 0.3.3 50.99 OK
r-devel-linux-x86_64-fedora-gcc 0.3.3 39.31 OK
r-devel-windows-x86_64-new-UL 0.3.3 20.00 66.00 86.00 OK
r-devel-windows-x86_64-new-TK 0.3.3 OK
r-patched-linux-x86_64 0.3.3 2.33 34.77 37.10 OK
r-release-linux-x86_64 0.3.3 2.15 34.18 36.33 OK
r-release-macos-arm64 0.3.3 NOTE
r-release-macos-x86_64 0.3.3 NOTE
r-release-windows-ix86+x86_64 0.3.3 6.00 50.00 56.00 OK
r-oldrel-macos-x86_64 0.3.3 OK
r-oldrel-windows-ix86+x86_64 0.3.3 6.00 49.00 55.00 OK

Check Details

Version: 0.3.3
Check: package dependencies
Result: NOTE
    Packages suggested but not available for checking:
     'minfi', 'GEOquery', 'IlluminaHumanMethylation450kmanifest'
Flavor: r-release-macos-arm64

Version: 0.3.3
Check: package dependencies
Result: NOTE
    Package suggested but not available for checking: ‘IlluminaHumanMethylation450kmanifest’
Flavor: r-release-macos-x86_64