CRAN Package Check Results for Package ML2Pvae

Last updated on 2022-01-25 15:54:23 CET.

Flavor Version Tinstall Tcheck Ttotal Status Flags
r-devel-linux-x86_64-debian-clang 1.0.0 3.00 40.11 43.11 OK
r-devel-linux-x86_64-debian-gcc 1.0.0 2.10 33.87 35.97 OK
r-devel-linux-x86_64-fedora-clang 1.0.0 54.48 NOTE
r-devel-linux-x86_64-fedora-gcc 1.0.0 42.82 NOTE
r-devel-windows-x86_64-new-UL 1.0.0 40.00 64.00 104.00 OK
r-devel-windows-x86_64-new-TK 1.0.0 NOTE
r-patched-linux-x86_64 1.0.0 2.31 38.30 40.61 OK
r-release-linux-x86_64 1.0.0 2.01 38.42 40.43 OK
r-release-macos-arm64 1.0.0 NOTE
r-release-macos-x86_64 1.0.0 NOTE
r-release-windows-ix86+x86_64 1.0.0 7.00 48.00 55.00 OK
r-oldrel-macos-x86_64 1.0.0 NOTE
r-oldrel-windows-ix86+x86_64 1.0.0 7.00 50.00 57.00 OK

Check Details

Version: 1.0.0
Check: dependencies in R code
Result: NOTE
    Namespace in Imports field not imported from: ‘reticulate’
     All declared Imports should be used.
Flavors: r-devel-linux-x86_64-fedora-clang, r-devel-linux-x86_64-fedora-gcc, r-devel-windows-x86_64-new-TK, r-release-macos-arm64, r-release-macos-x86_64, r-oldrel-macos-x86_64