CRAN Package Check Results for Package MKmisc

Last updated on 2021-10-16 15:50:52 CEST.

Flavor Version Tinstall Tcheck Ttotal Status Flags
r-devel-linux-x86_64-debian-clang 1.8 11.17 100.21 111.38 OK
r-devel-linux-x86_64-debian-gcc 1.8 7.12 74.41 81.53 OK
r-devel-linux-x86_64-fedora-clang 1.8 146.26 NOTE
r-devel-linux-x86_64-fedora-gcc 1.8 127.49 OK
r-devel-windows-x86_64 1.8 17.00 90.00 107.00 OK
r-devel-windows-x86_64-gcc10-UCRT 1.8 NOTE
r-patched-linux-x86_64 1.8 10.20 93.87 104.07 OK
r-patched-solaris-x86 1.8 148.70 OK
r-release-linux-x86_64 1.8 10.45 93.49 103.94 OK
r-release-macos-arm64 1.8 NOTE
r-release-macos-x86_64 1.8 OK
r-release-windows-ix86+x86_64 1.8 22.00 125.00 147.00 OK
r-oldrel-macos-x86_64 1.8 OK
r-oldrel-windows-ix86+x86_64 1.8 22.00 125.00 147.00 OK

Check Details

Version: 1.8
Check: Rd cross-references
Result: NOTE
    Undeclared packages ‘rms’, ‘Hmisc’, ‘genefilter’ in Rd xrefs
Flavor: r-devel-linux-x86_64-fedora-clang

Version: 1.8
Check: Rd cross-references
Result: NOTE
    Package unavailable to check Rd xrefs: 'genefilter'
Flavors: r-devel-windows-x86_64-gcc10-UCRT, r-release-macos-arm64