CRAN Package Check Results for Package MGDrivE

Last updated on 2024-07-15 03:49:32 CEST.

Flavor Version Tinstall Tcheck Ttotal Status Flags
r-devel-linux-x86_64-debian-clang 1.6.0 70.69 351.98 422.67 NOTE
r-devel-linux-x86_64-debian-gcc 1.6.0 48.23 236.11 284.34 NOTE
r-devel-linux-x86_64-fedora-clang 1.6.0 522.13 NOTE
r-devel-linux-x86_64-fedora-gcc 1.6.0 526.77 NOTE
r-devel-windows-x86_64 1.6.0 55.00 285.00 340.00 NOTE
r-patched-linux-x86_64 1.6.0 65.84 335.60 401.44 NOTE
r-release-linux-x86_64 1.6.0 64.32 334.45 398.77 NOTE
r-release-macos-arm64 1.6.0 109.00 NOTE
r-release-macos-x86_64 1.6.0 197.00 NOTE
r-release-windows-x86_64 1.6.0 56.00 279.00 335.00 NOTE
r-oldrel-macos-arm64 1.6.0 137.00 OK
r-oldrel-macos-x86_64 1.6.0 245.00 OK
r-oldrel-windows-x86_64 1.6.0 70.00 373.00 443.00 OK

Check Details

Version: 1.6.0
Check: Rd files
Result: NOTE checkRd: (-1) calcQuantiles.Rd:52: Lost braces; missing escapes or markup? 52 | {M/F}\emph{Mean}(patchNum).csv and {M/F}\emph{Quantile}(quantNum)_(patchNum).csv. | ^ checkRd: (-1) calcQuantiles.Rd:52: Lost braces; missing escapes or markup? 52 | {M/F}\emph{Mean}(patchNum).csv and {M/F}\emph{Quantile}(quantNum)_(patchNum).csv. | ^ Flavors: r-devel-linux-x86_64-debian-clang, r-devel-linux-x86_64-debian-gcc, r-devel-linux-x86_64-fedora-clang, r-devel-linux-x86_64-fedora-gcc, r-devel-windows-x86_64, r-patched-linux-x86_64, r-release-linux-x86_64, r-release-macos-arm64, r-release-macos-x86_64, r-release-windows-x86_64

Version: 1.6.0
Check: Rd cross-references
Result: NOTE Found the following Rd file(s) with Rd \link{} targets missing package anchors: Network.Rd: R6Class Patch.Rd: R6Class Please provide package anchors for all Rd \link{} targets not in the package itself and the base packages. Flavor: r-devel-windows-x86_64