CRAN Package Check Results for Package MEGENA

Last updated on 2022-07-03 15:52:36 CEST.

Flavor Version Tinstall Tcheck Ttotal Status Flags
r-devel-linux-x86_64-debian-clang 1.3.7 44.25 215.42 259.67 NOTE
r-devel-linux-x86_64-debian-gcc 1.3.7 35.45 161.34 196.79 NOTE
r-devel-linux-x86_64-fedora-clang 1.3.7 341.42 NOTE
r-devel-linux-x86_64-fedora-gcc 1.3.7 319.90 NOTE
r-devel-windows-x86_64 1.3.7 48.00 288.00 336.00 OK
r-patched-linux-x86_64 1.3.7 27.90 208.36 236.26 NOTE
r-release-linux-x86_64 1.3.7 28.09 207.24 235.33 NOTE
r-release-macos-arm64 1.3.7 109.00 OK
r-release-macos-x86_64 1.3.7 175.00 OK
r-release-windows-x86_64 1.3.7 104.00 292.00 396.00 OK
r-oldrel-macos-arm64 1.3.7 169.00 OK
r-oldrel-macos-x86_64 1.3.7 217.00 OK
r-oldrel-windows-ix86+x86_64 1.3.7 105.00 342.00 447.00 OK

Check Details

Version: 1.3.7
Check: for non-standard things in the check directory
Result: NOTE
    Found the following files/directories:
     'Data_Correlation.txt' 'correlation_FDR_table.txt'
Flavors: r-devel-linux-x86_64-debian-clang, r-devel-linux-x86_64-debian-gcc, r-devel-linux-x86_64-fedora-clang, r-devel-linux-x86_64-fedora-gcc, r-patched-linux-x86_64, r-release-linux-x86_64