CRAN Package Check Results for Package MCMCtreeR

Last updated on 2022-01-28 15:53:17 CET.

Flavor Version Tinstall Tcheck Ttotal Status Flags
r-devel-linux-x86_64-debian-clang 1.1 7.43 102.68 110.11 OK
r-devel-linux-x86_64-debian-gcc 1.1 5.53 74.42 79.95 OK
r-devel-linux-x86_64-fedora-clang 1.1 128.96 NOTE
r-devel-linux-x86_64-fedora-gcc 1.1 115.76 OK
r-devel-windows-x86_64-new-UL 1.1 59.00 158.00 217.00 NOTE
r-devel-windows-x86_64-new-TK 1.1 OK
r-patched-linux-x86_64 1.1 7.82 86.66 94.48 OK
r-release-linux-x86_64 1.1 5.48 86.05 91.53 OK
r-release-macos-arm64 1.1 NOTE
r-release-macos-x86_64 1.1 NOTE
r-release-windows-ix86+x86_64 1.1 17.00 123.00 140.00 NOTE
r-oldrel-macos-x86_64 1.1 NOTE
r-oldrel-windows-ix86+x86_64 1.1 16.00 127.00 143.00 NOTE

Check Details

Version: 1.1
Check: installed package size
Result: NOTE
     installed size is 7.4Mb
     sub-directories of 1Mb or more:
     doc 6.8Mb
Flavors: r-devel-linux-x86_64-fedora-clang, r-devel-windows-x86_64-new-UL, r-release-macos-arm64, r-release-macos-x86_64, r-release-windows-ix86+x86_64, r-oldrel-macos-x86_64, r-oldrel-windows-ix86+x86_64