CRAN Package Check Results for Package MBHdesign

Last updated on 2024-06-22 03:49:35 CEST.

Flavor Version Tinstall Tcheck Ttotal Status Flags
r-devel-linux-x86_64-debian-clang 2.3.15 28.98 328.59 357.57 NOTE
r-devel-linux-x86_64-debian-gcc 2.3.15 22.25 224.00 246.25 NOTE
r-devel-linux-x86_64-fedora-clang 2.3.15 420.52 NOTE
r-devel-linux-x86_64-fedora-gcc 2.3.15 408.43 NOTE
r-devel-windows-x86_64 2.3.15 23.00 208.00 231.00 NOTE
r-patched-linux-x86_64 2.3.15 25.84 308.39 334.23 NOTE
r-release-linux-x86_64 2.3.15 30.79 310.15 340.94 NOTE
r-release-macos-arm64 2.3.15 96.00 NOTE
r-release-macos-x86_64 2.3.15 168.00 WARN
r-release-windows-x86_64 2.3.15 23.00 211.00 234.00 NOTE
r-oldrel-macos-arm64 2.3.15 117.00 OK
r-oldrel-macos-x86_64 2.3.15 321.00 OK
r-oldrel-windows-x86_64 2.3.15 33.00 280.00 313.00 OK

Check Details

Version: 2.3.15
Check: Rd files
Result: NOTE checkRd: (-1) findDescendingTrans.Rd:29: Lost braces 29 | Foster, S.D., Hosack, G.R., J. Monk, Lawrence, E., Barrett, N.S., Williams, A. and Przeslawski, P. (2020) Spatially-Balanced Designs for Transect-Based Surveys. Methods in Ecology and Evolution. emph{11}: 95--105 | ^ Flavors: r-devel-linux-x86_64-debian-clang, r-devel-linux-x86_64-debian-gcc, r-devel-linux-x86_64-fedora-clang, r-devel-linux-x86_64-fedora-gcc, r-devel-windows-x86_64, r-patched-linux-x86_64, r-release-linux-x86_64, r-release-macos-arm64, r-release-macos-x86_64, r-release-windows-x86_64

Version: 2.3.15
Check: Rd cross-references
Result: NOTE Undeclared package ‘raster’ in Rd xrefs Flavor: r-devel-linux-x86_64-fedora-clang

Version: 2.3.15
Check: re-building of vignette outputs
Result: WARN Error(s) in re-building vignettes: ... --- re-building ‘MBHdesign.rnw’ using knitr Error: processing vignette 'MBHdesign.rnw' failed with diagnostics: Running 'texi2dvi' on 'MBHdesign.tex' failed. LaTeX errors: ! Undefined control sequence. l.121 \hlkwd{install.packages}\hldef {(} \hlsng{"MBHdesign"}\hldef{)} ? ! Emergency stop. ! Emergency stop. l.121 End of file on the terminal! ! ==> Fatal error occurred, no output PDF file produced! --- failed re-building ‘MBHdesign.rnw’ SUMMARY: processing the following file failed: ‘MBHdesign.rnw’ Error: Vignette re-building failed. Execution halted Flavor: r-release-macos-x86_64