CRAN Package Check Results for Package MAPA

Last updated on 2022-01-27 02:51:32 CET.

Flavor Version Tinstall Tcheck Ttotal Status Flags
r-devel-linux-x86_64-debian-clang 2.0.4 9.75 113.09 122.84 OK
r-devel-linux-x86_64-debian-gcc 2.0.4 7.84 85.97 93.81 OK
r-devel-linux-x86_64-fedora-clang 2.0.4 153.91 OK
r-devel-linux-x86_64-fedora-gcc 2.0.4 148.71 OK
r-devel-windows-x86_64-new-UL 2.0.4 24.00 129.00 153.00 OK
r-devel-windows-x86_64-new-TK 2.0.4 ERROR
r-patched-linux-x86_64 2.0.4 8.49 105.50 113.99 OK
r-release-linux-x86_64 2.0.4 7.74 102.54 110.28 OK
r-release-macos-arm64 2.0.4 OK
r-release-macos-x86_64 2.0.4 OK
r-release-windows-ix86+x86_64 2.0.4 23.00 126.00 149.00 OK
r-oldrel-macos-x86_64 2.0.4 OK
r-oldrel-windows-ix86+x86_64 2.0.4 25.00 128.00 153.00 OK

Check Details

Version: 2.0.4
Check: package dependencies
Result: ERROR
    Package required but not available: 'smooth'
    
    See section 'The DESCRIPTION file' in the 'Writing R Extensions'
    manual.
Flavor: r-devel-windows-x86_64-new-TK