CRAN Package Check Results for Package MANOVA.RM

Last updated on 2021-10-26 02:56:35 CEST.

Flavor Version Tinstall Tcheck Ttotal Status Flags
r-devel-linux-x86_64-debian-clang 0.5.2 11.37 214.30 225.67 OK
r-devel-linux-x86_64-debian-gcc 0.5.2 9.12 151.82 160.94 OK
r-devel-linux-x86_64-fedora-clang 0.5.2 278.08 NOTE
r-devel-linux-x86_64-fedora-gcc 0.5.2 273.08 OK
r-devel-windows-x86_64 0.5.2 18.00 247.00 265.00 OK
r-devel-windows-x86_64-gcc10-UCRT 0.5.2 OK
r-patched-linux-x86_64 0.5.2 10.92 198.45 209.37 OK
r-patched-solaris-x86 0.5.2 198.90 OK
r-release-linux-x86_64 0.5.2 10.77 199.24 210.01 OK
r-release-macos-arm64 0.5.2 NOTE
r-release-macos-x86_64 0.5.2 OK
r-release-windows-ix86+x86_64 0.5.2 15.00 248.00 263.00 OK
r-oldrel-macos-x86_64 0.5.2 OK
r-oldrel-windows-ix86+x86_64 0.5.2 26.00 252.00 278.00 OK

Check Details

Version: 0.5.2
Check: package dependencies
Result: NOTE
    Suggests orphaned package: ‘RGtk2’
Flavor: r-devel-linux-x86_64-fedora-clang

Version: 0.5.2
Check: Rd cross-references
Result: NOTE
    Undeclared package ‘nparLD’ in Rd xrefs
Flavor: r-devel-linux-x86_64-fedora-clang

Version: 0.5.2
Check: package dependencies
Result: NOTE
    Package suggested but not available for checking: ‘RGtk2’
Flavor: r-release-macos-arm64