CRAN Package Check Results for Package MALDIquantForeign

Last updated on 2024-07-24 15:51:40 CEST.

Flavor Version Tinstall Tcheck Ttotal Status Flags
r-devel-linux-x86_64-debian-clang 0.14.1 7.14 65.91 73.05 OK
r-devel-linux-x86_64-debian-gcc 0.14.1 5.12 48.87 53.99 OK
r-devel-linux-x86_64-fedora-clang 0.14.1 91.18 OK
r-devel-linux-x86_64-fedora-gcc 0.14.1 104.37 OK
r-devel-windows-x86_64 0.14.1 7.00 87.00 94.00 OK
r-patched-linux-x86_64 0.14.1 6.91 63.32 70.23 OK
r-release-linux-x86_64 0.14.1 6.02 61.93 67.95 OK
r-release-macos-arm64 0.14.1 35.00 OK
r-release-macos-x86_64 0.14.1 56.00 WARN
r-release-windows-x86_64 0.14.1 6.00 88.00 94.00 OK
r-oldrel-macos-arm64 0.14.1 40.00 OK
r-oldrel-macos-x86_64 0.14.1 88.00 OK
r-oldrel-windows-x86_64 0.14.1 7.00 89.00 96.00 OK

Check Details

Version: 0.14.1
Check: re-building of vignette outputs
Result: WARN Error(s) in re-building vignettes: ... --- re-building ‘MALDIquantForeign-intro.Rnw’ using knitr Error: processing vignette 'MALDIquantForeign-intro.Rnw' failed with diagnostics: Running 'texi2dvi' on 'MALDIquantForeign-intro.tex' failed. LaTeX errors: ! Undefined control sequence. l.121 \hldef {> }\hlkwd{supportedFileFormats}\hldef{()} ? ! Emergency stop. ! Emergency stop. l.121 End of file on the terminal! ! ==> Fatal error occurred, no output PDF file produced! --- failed re-building ‘MALDIquantForeign-intro.Rnw’ SUMMARY: processing the following file failed: ‘MALDIquantForeign-intro.Rnw’ Error: Vignette re-building failed. Execution halted Flavor: r-release-macos-x86_64