CRAN Package Check Results for Package Luminescence

Last updated on 2022-10-03 15:54:02 CEST.

Flavor Version Tinstall Tcheck Ttotal Status Flags
r-devel-linux-x86_64-debian-clang 0.9.20 94.63 345.04 439.67 OK
r-devel-linux-x86_64-debian-gcc 0.9.20 78.96 248.91 327.87 OK
r-devel-linux-x86_64-fedora-clang 0.9.20 618.49 OK
r-devel-linux-x86_64-fedora-gcc 0.9.20 535.00 OK
r-devel-windows-x86_64 0.9.20 339.00 434.00 773.00 OK
r-patched-linux-x86_64 0.9.20 97.40 311.20 408.60 OK
r-release-linux-x86_64 0.9.20 83.10 311.00 394.10 OK
r-release-macos-arm64 0.9.20 119.00 NOTE
r-release-macos-x86_64 0.9.20 170.00 NOTE
r-release-windows-x86_64 0.9.20 252.00 400.00 652.00 OK
r-oldrel-macos-arm64 0.9.20 119.00 NOTE
r-oldrel-macos-x86_64 0.9.20 168.00 NOTE
r-oldrel-windows-ix86+x86_64 0.9.20 212.00 535.00 747.00 NOTE

Check Details

Version: 0.9.20
Check: installed package size
Result: NOTE
     installed size is 6.2Mb
     sub-directories of 1Mb or more:
     R 2.0Mb
     libs 2.0Mb
Flavors: r-release-macos-arm64, r-release-macos-x86_64, r-oldrel-macos-arm64, r-oldrel-macos-x86_64, r-oldrel-windows-ix86+x86_64