Last updated on 2023-02-05 15:55:19 CET.
Flavor | Version | Tinstall | Tcheck | Ttotal | Status | Flags |
---|---|---|---|---|---|---|
r-devel-linux-x86_64-debian-clang | 1.0 | 2.86 | 75.34 | 78.20 | OK | |
r-devel-linux-x86_64-debian-gcc | 1.0 | 2.73 | 55.23 | 57.96 | OK | |
r-devel-linux-x86_64-fedora-clang | 1.0 | 93.96 | NOTE | |||
r-devel-linux-x86_64-fedora-gcc | 1.0 | 106.93 | NOTE | |||
r-devel-windows-x86_64 | 1.0 | 20.00 | 111.00 | 131.00 | OK | |
r-patched-linux-x86_64 | 1.0 | 2.58 | 68.00 | 70.58 | OK | |
r-release-linux-x86_64 | 1.0 | 2.84 | 70.37 | 73.21 | OK | |
r-release-macos-arm64 | 1.0 | 33.00 | NOTE | |||
r-release-macos-x86_64 | 1.0 | 43.00 | NOTE | |||
r-release-windows-x86_64 | 1.0 | 16.00 | 113.00 | 129.00 | OK | |
r-oldrel-macos-arm64 | 1.0 | 29.00 | NOTE | |||
r-oldrel-macos-x86_64 | 1.0 | 40.00 | NOTE | |||
r-oldrel-windows-ix86+x86_64 | 1.0 | 8.00 | 104.00 | 112.00 | OK |
Version: 1.0
Check: dependencies in R code
Result: NOTE
Namespaces in Imports field not imported from:
‘RColorBrewer’ ‘base’ ‘qpdf’
All declared Imports should be used.
Flavors: r-devel-linux-x86_64-fedora-clang, r-devel-linux-x86_64-fedora-gcc, r-release-macos-arm64, r-release-macos-x86_64, r-oldrel-macos-arm64, r-oldrel-macos-x86_64