Last updated on 2022-05-19 15:53:22 CEST.
Flavor | Version | Tinstall | Tcheck | Ttotal | Status | Flags |
---|---|---|---|---|---|---|
r-devel-linux-x86_64-debian-clang | 1.1.0 | 5.53 | 66.46 | 71.99 | OK | |
r-devel-linux-x86_64-debian-gcc | 1.1.0 | 5.06 | 51.33 | 56.39 | OK | |
r-devel-linux-x86_64-fedora-clang | 1.1.0 | 92.68 | NOTE | |||
r-devel-linux-x86_64-fedora-gcc | 1.1.0 | 89.98 | OK | |||
r-devel-windows-x86_64 | 1.1.0 | 39.00 | 91.00 | 130.00 | OK | |
r-patched-linux-x86_64 | 1.1.0 | 6.87 | 65.53 | 72.40 | OK | |
r-release-linux-x86_64 | 1.1.0 | 6.03 | 65.52 | 71.55 | OK | |
r-release-macos-arm64 | 1.1.0 | 25.00 | OK | |||
r-release-macos-x86_64 | 1.1.0 | 37.00 | OK | |||
r-release-windows-x86_64 | 1.1.0 | 37.00 | 93.00 | 130.00 | OK | |
r-oldrel-macos-arm64 | 1.1.0 | 29.00 | OK | |||
r-oldrel-macos-x86_64 | 1.1.0 | 57.00 | OK | |||
r-oldrel-windows-ix86+x86_64 | 1.1.0 | 13.00 | 85.00 | 98.00 | OK |
Version: 1.1.0
Check: Rd cross-references
Result: NOTE
Undeclared package ‘actuar’ in Rd xrefs
Flavor: r-devel-linux-x86_64-fedora-clang