CRAN Package Check Results for Package LinRegInteractive

Last updated on 2022-01-28 15:53:16 CET.

Flavor Version Tinstall Tcheck Ttotal Status Flags
r-devel-linux-x86_64-debian-clang 0.3-3 5.74 53.34 59.08 OK
r-devel-linux-x86_64-debian-gcc 0.3-3 3.77 42.69 46.46 OK
r-devel-linux-x86_64-fedora-clang 0.3-3 80.64 OK
r-devel-linux-x86_64-fedora-gcc 0.3-3 67.68 OK
r-devel-windows-x86_64-new-UL 0.3-3 104.00 96.00 200.00 OK
r-devel-windows-x86_64-new-TK 0.3-3 NOTE
r-patched-linux-x86_64 0.3-3 6.39 53.24 59.63 OK
r-release-linux-x86_64 0.3-3 4.95 53.92 58.87 OK
r-release-macos-arm64 0.3-3 OK
r-release-macos-x86_64 0.3-3 OK
r-release-windows-ix86+x86_64 0.3-3 9.00 68.00 77.00 OK
r-oldrel-macos-x86_64 0.3-3 OK
r-oldrel-windows-ix86+x86_64 0.3-3 9.00 69.00 78.00 OK

Check Details

Version: 0.3-3
Check: package dependencies
Result: NOTE
    Package suggested but not available for checking: 'AER'
Flavor: r-devel-windows-x86_64-new-TK