Last updated on 2023-11-30 15:48:20 CET.
Flavor | Version | Tinstall | Tcheck | Ttotal | Status | Flags |
---|---|---|---|---|---|---|
r-devel-linux-x86_64-debian-clang | 1.0.2 | 2.20 | 64.56 | 66.76 | NOTE | |
r-devel-linux-x86_64-debian-gcc | 1.0.2 | 2.22 | 56.99 | 59.21 | NOTE | |
r-devel-linux-x86_64-fedora-clang | 1.0.2 | 89.35 | NOTE | |||
r-devel-linux-x86_64-fedora-gcc | 1.0.2 | 97.69 | NOTE | |||
r-devel-windows-x86_64 | 1.0.2 | 4.00 | 249.00 | 253.00 | NOTE | |
r-patched-linux-x86_64 | 1.0.2 | 3.06 | 66.48 | 69.54 | OK | |
r-release-linux-x86_64 | 1.0.2 | 2.77 | 63.97 | 66.74 | OK | |
r-release-macos-arm64 | 1.0.2 | 132.00 | OK | |||
r-release-macos-x86_64 | 1.0.2 | 223.00 | OK | |||
r-release-windows-x86_64 | 1.0.2 | 4.00 | 329.00 | 333.00 | OK | |
r-oldrel-macos-arm64 | 1.0.2 | 118.00 | OK | |||
r-oldrel-macos-x86_64 | 1.0.2 | 137.00 | OK | |||
r-oldrel-windows-x86_64 | 1.0.2 | 5.00 | 329.00 | 334.00 | OK |
Version: 1.0.2
Check: Rd \usage sections
Result: NOTE
Documented arguments not in \usage in Rd file 'get_generic.Rd':
‘mismatch’
Functions with \usage entries need to have the appropriate \alias
entries, and all their arguments documented.
The \usage entries must correspond to syntactically valid R code.
See chapter ‘Writing R documentation files’ in the ‘Writing R
Extensions’ manual.
Flavors: r-devel-linux-x86_64-debian-clang, r-devel-linux-x86_64-debian-gcc, r-devel-linux-x86_64-fedora-clang, r-devel-linux-x86_64-fedora-gcc, r-devel-windows-x86_64