Last updated on 2023-01-29 16:55:01 CET.
Flavor | Version | Tinstall | Tcheck | Ttotal | Status | Flags |
---|---|---|---|---|---|---|
r-devel-linux-x86_64-debian-clang | 1.1 | 5.16 | 56.55 | 61.71 | NOTE | |
r-devel-linux-x86_64-debian-gcc | 1.1 | 4.32 | 41.19 | 45.51 | NOTE | |
r-devel-linux-x86_64-fedora-clang | 1.1 | 77.44 | NOTE | |||
r-devel-linux-x86_64-fedora-gcc | 1.1 | 98.73 | NOTE | |||
r-devel-windows-x86_64 | 1.1 | 59.00 | 106.00 | 165.00 | NOTE | |
r-patched-linux-x86_64 | 1.1 | 5.90 | 51.61 | 57.51 | NOTE | |
r-release-linux-x86_64 | 1.1 | 4.36 | 50.70 | 55.06 | NOTE | |
r-release-macos-arm64 | 1.1 | 25.00 | NOTE | |||
r-release-macos-x86_64 | 1.1 | 36.00 | NOTE | |||
r-release-windows-x86_64 | 1.1 | 45.00 | 111.00 | 156.00 | NOTE | |
r-oldrel-macos-arm64 | 1.1 | 30.00 | NOTE | |||
r-oldrel-macos-x86_64 | 1.1 | 47.00 | NOTE | |||
r-oldrel-windows-ix86+x86_64 | 1.1 | 12.00 | 85.00 | 97.00 | NOTE |
Version: 1.1
Check: LazyData
Result: NOTE
'LazyData' is specified without a 'data' directory
Flavors: r-devel-linux-x86_64-debian-clang, r-devel-linux-x86_64-debian-gcc, r-devel-linux-x86_64-fedora-clang, r-devel-linux-x86_64-fedora-gcc, r-devel-windows-x86_64, r-patched-linux-x86_64, r-release-linux-x86_64, r-release-macos-arm64, r-release-macos-x86_64, r-release-windows-x86_64, r-oldrel-macos-arm64, r-oldrel-macos-x86_64, r-oldrel-windows-ix86+x86_64