CRAN Package Check Results for Package LassoNet

Last updated on 2022-01-20 15:57:00 CET.

Flavor Version Tinstall Tcheck Ttotal Status Flags
r-devel-linux-x86_64-debian-clang 0.8.3 OK
r-devel-linux-x86_64-debian-gcc 0.8.3 11.72 30.95 42.67 OK
r-devel-linux-x86_64-fedora-clang 0.8.3 79.95 NOTE
r-devel-linux-x86_64-fedora-gcc 0.8.3 62.38 NOTE
r-devel-windows-x86_64-new-UL 0.8.3 40.00 80.00 120.00 OK
r-devel-windows-x86_64-new-TK 0.8.3 OK
r-patched-linux-x86_64 0.8.3 15.25 38.83 54.08 OK
r-release-linux-x86_64 0.8.3 13.39 38.47 51.86 OK
r-release-macos-arm64 0.8.3 OK
r-release-macos-x86_64 0.8.3 OK
r-release-windows-ix86+x86_64 0.8.3 44.00 76.00 120.00 OK
r-oldrel-macos-x86_64 0.8.3 OK
r-oldrel-windows-ix86+x86_64 0.8.3 46.00 75.00 121.00 OK

Check Details

Version: 0.8.3
Check: Rd cross-references
Result: NOTE
    Undeclared package ‘glmnet’ in Rd xrefs
Flavor: r-devel-linux-x86_64-fedora-clang

Version: 0.8.3
Check: compiled code
Result: NOTE
    File ‘LassoNet/libs/LassoNet.so’:
     Found no calls to: ‘R_registerRoutines’, ‘R_useDynamicSymbols’
    
    It is good practice to register native routines and to disable symbol
    search.
    
    See ‘Writing portable packages’ in the ‘Writing R Extensions’ manual.
Flavors: r-devel-linux-x86_64-fedora-clang, r-devel-linux-x86_64-fedora-gcc