CRAN Package Check Results for Package LPsmooth

Last updated on 2022-11-26 16:02:59 CET.

Flavor Version Tinstall Tcheck Ttotal Status Flags
r-devel-linux-x86_64-debian-clang 0.1.3 14.44 132.84 147.28 NOTE
r-devel-linux-x86_64-debian-gcc 0.1.3 11.66 98.51 110.17 NOTE
r-devel-linux-x86_64-fedora-clang 0.1.3 191.75 NOTE
r-devel-linux-x86_64-fedora-gcc 0.1.3 195.45 NOTE
r-devel-windows-x86_64 0.1.3 21.00 151.00 172.00 NOTE
r-patched-linux-x86_64 0.1.3 NOTE
r-release-linux-x86_64 0.1.3 15.96 126.68 142.64 NOTE
r-release-macos-arm64 0.1.3 42.00 NOTE
r-release-macos-x86_64 0.1.3 81.00 NOTE
r-release-windows-x86_64 0.1.3 21.00 158.00 179.00 NOTE
r-oldrel-macos-arm64 0.1.3 52.00 NOTE
r-oldrel-macos-x86_64 0.1.3 85.00 NOTE
r-oldrel-windows-ix86+x86_64 0.1.3 31.00 147.00 178.00 NOTE

Check Details

Version: 0.1.3
Check: LazyData
Result: NOTE
     'LazyData' is specified without a 'data' directory
Flavors: r-devel-linux-x86_64-debian-clang, r-devel-linux-x86_64-debian-gcc, r-devel-linux-x86_64-fedora-clang, r-devel-linux-x86_64-fedora-gcc, r-devel-windows-x86_64, r-patched-linux-x86_64, r-release-linux-x86_64, r-release-macos-arm64, r-release-macos-x86_64, r-release-windows-x86_64, r-oldrel-macos-arm64, r-oldrel-macos-x86_64, r-oldrel-windows-ix86+x86_64