CRAN Package Check Results for Package LPBkg

Last updated on 2023-02-08 04:07:07 CET.

Flavor Version Tinstall Tcheck Ttotal Status Flags
r-devel-linux-x86_64-debian-clang 1.2 11.10 104.28 115.38 NOTE
r-devel-linux-x86_64-debian-gcc 1.2 8.69 77.16 85.85 NOTE
r-devel-linux-x86_64-fedora-clang 1.2 149.34 NOTE
r-devel-linux-x86_64-fedora-gcc 1.2 139.35 NOTE
r-devel-windows-x86_64 1.2 17.00 129.00 146.00 NOTE
r-patched-linux-x86_64 1.2 9.02 96.78 105.80 NOTE
r-release-linux-x86_64 1.2 10.27 100.61 110.88 NOTE
r-release-macos-arm64 1.2 40.00 NOTE
r-release-macos-x86_64 1.2 70.00 NOTE
r-release-windows-x86_64 1.2 19.00 148.00 167.00 NOTE
r-oldrel-macos-arm64 1.2 41.00 NOTE
r-oldrel-macos-x86_64 1.2 85.00 NOTE
r-oldrel-windows-ix86+x86_64 1.2 30.00 128.00 158.00 NOTE

Check Details

Version: 1.2
Check: LazyData
Result: NOTE
     'LazyData' is specified without a 'data' directory
Flavors: r-devel-linux-x86_64-debian-clang, r-devel-linux-x86_64-debian-gcc, r-devel-linux-x86_64-fedora-clang, r-devel-linux-x86_64-fedora-gcc, r-devel-windows-x86_64, r-patched-linux-x86_64, r-release-linux-x86_64, r-release-macos-arm64, r-release-macos-x86_64, r-release-windows-x86_64, r-oldrel-macos-arm64, r-oldrel-macos-x86_64, r-oldrel-windows-ix86+x86_64