CRAN Package Check Results for Package LOGAN

Last updated on 2021-10-17 03:52:08 CEST.

Flavor Version Tinstall Tcheck Ttotal Status Flags
r-devel-linux-x86_64-debian-clang 1.0.0 3.58 31.20 34.78 OK
r-devel-linux-x86_64-debian-gcc 1.0.0 3.22 27.14 30.36 OK
r-devel-linux-x86_64-fedora-clang 1.0.0 57.39 NOTE
r-devel-linux-x86_64-fedora-gcc 1.0.0 47.17 NOTE
r-devel-windows-x86_64 1.0.0 7.00 54.00 61.00 OK
r-devel-windows-x86_64-gcc10-UCRT 1.0.0 NOTE
r-patched-linux-x86_64 1.0.0 3.72 33.37 37.09 OK
r-patched-solaris-x86 1.0.0 70.10 NOTE
r-release-linux-x86_64 1.0.0 3.54 33.33 36.87 OK
r-release-macos-arm64 1.0.0 NOTE
r-release-macos-x86_64 1.0.0 NOTE
r-release-windows-ix86+x86_64 1.0.0 7.00 54.00 61.00 OK
r-oldrel-macos-x86_64 1.0.0 NOTE
r-oldrel-windows-ix86+x86_64 1.0.0 8.00 52.00 60.00 OK

Check Details

Version: 1.0.0
Check: dependencies in R code
Result: NOTE
    Namespace in Imports field not imported from: ‘modules’
     All declared Imports should be used.
Flavors: r-devel-linux-x86_64-fedora-clang, r-devel-linux-x86_64-fedora-gcc, r-devel-windows-x86_64-gcc10-UCRT, r-patched-solaris-x86, r-release-macos-arm64, r-release-macos-x86_64, r-oldrel-macos-x86_64