CRAN Package Check Results for Package LMMsolver

Last updated on 2022-06-25 15:51:24 CEST.

Flavor Version Tinstall Tcheck Ttotal Status Flags
r-devel-linux-x86_64-debian-clang 1.0.2 35.18 90.29 125.47 OK
r-devel-linux-x86_64-debian-gcc 1.0.2 29.87 71.68 101.55 OK
r-devel-linux-x86_64-fedora-clang 1.0.2 183.98 NOTE
r-devel-linux-x86_64-fedora-gcc 1.0.2 162.98 NOTE
r-devel-windows-x86_64 1.0.2 66.00 147.00 213.00 OK
r-patched-linux-x86_64 1.0.2 31.71 85.96 117.67 OK
r-release-linux-x86_64 1.0.2 33.53 85.53 119.06 OK
r-release-macos-arm64 1.0.2 62.00 NOTE
r-release-macos-x86_64 1.0.2 74.00 NOTE
r-release-windows-x86_64 1.0.2 66.00 145.00 211.00 OK
r-oldrel-macos-arm64 1.0.2 55.00 NOTE
r-oldrel-macos-x86_64 1.0.2 72.00 NOTE
r-oldrel-windows-ix86+x86_64 1.0.2 89.00 151.00 240.00 OK

Check Details

Version: 1.0.2
Check: dependencies in R code
Result: NOTE
    Namespaces in Imports field not imported from:
     ‘Matrix’ ‘agridat’ ‘ggplot2’ ‘maps’ ‘sp’
     All declared Imports should be used.
Flavors: r-devel-linux-x86_64-fedora-clang, r-devel-linux-x86_64-fedora-gcc, r-release-macos-arm64, r-release-macos-x86_64, r-oldrel-macos-arm64, r-oldrel-macos-x86_64