CRAN Package Check Results for Package LKT

Last updated on 2022-01-23 15:49:11 CET.

Flavor Version Tinstall Tcheck Ttotal Status Flags
r-devel-linux-x86_64-debian-clang 1.0.1 10.89 123.66 134.55 OK
r-devel-linux-x86_64-debian-gcc 1.0.1 10.51 99.31 109.82 OK
r-devel-linux-x86_64-fedora-clang 1.0.1 159.98 OK
r-devel-linux-x86_64-fedora-gcc 1.0.1 139.84 OK
r-devel-windows-x86_64-new-UL 1.0.1 33.00 126.00 159.00 OK
r-devel-windows-x86_64-new-TK 1.0.1 ERROR
r-patched-linux-x86_64 1.0.1 11.98 109.82 121.80 OK
r-release-linux-x86_64 1.0.1 8.33 110.04 118.37 OK
r-release-macos-arm64 1.0.1 OK
r-release-macos-x86_64 1.0.1 OK
r-release-windows-ix86+x86_64 1.0.1 25.00 126.00 151.00 OK
r-oldrel-macos-x86_64 1.0.1 OK
r-oldrel-windows-ix86+x86_64 1.0.1 26.00 123.00 149.00 OK

Check Details

Version: 1.0.1
Check: package dependencies
Result: ERROR
    Package required but not available: 'lme4'
    
    See section 'The DESCRIPTION file' in the 'Writing R Extensions'
    manual.
Flavor: r-devel-windows-x86_64-new-TK