CRAN Package Check Results for Package LINselect

Last updated on 2024-07-24 03:49:19 CEST.

Flavor Version Tinstall Tcheck Ttotal Status Flags
r-devel-linux-x86_64-debian-clang 1.1.5 3.09 52.90 55.99 OK
r-devel-linux-x86_64-debian-gcc 1.1.5 3.30 38.85 42.15 NOTE
r-devel-linux-x86_64-fedora-clang 1.1.5 70.61 OK
r-devel-linux-x86_64-fedora-gcc 1.1.5 64.93 OK
r-devel-windows-x86_64 1.1.5 6.00 63.00 69.00 NOTE
r-patched-linux-x86_64 1.1.5 3.90 50.31 54.21 OK
r-release-linux-x86_64 1.1.5 3.12 50.58 53.70 OK
r-release-macos-arm64 1.1.5 22.00 OK
r-release-macos-x86_64 1.1.5 35.00 OK
r-release-windows-x86_64 1.1.5 5.00 63.00 68.00 OK
r-oldrel-macos-arm64 1.1.5 28.00 OK
r-oldrel-macos-x86_64 1.1.5 66.00 OK
r-oldrel-windows-x86_64 1.1.5 4.00 67.00 71.00 OK

Check Details

Version: 1.1.5
Check: Rd cross-references
Result: NOTE Found the following Rd file(s) with Rd \link{} targets missing package anchors: VARselect.Rd: lm.ridge Please provide package anchors for all Rd \link{} targets not in the package itself and the base packages. Flavors: r-devel-linux-x86_64-debian-gcc, r-devel-windows-x86_64