Last updated on 2023-02-01 03:54:19 CET.
Flavor | Version | Tinstall | Tcheck | Ttotal | Status | Flags |
---|---|---|---|---|---|---|
r-devel-linux-x86_64-debian-clang | 1.4.9 | 6.84 | 124.74 | 131.58 | OK | |
r-devel-linux-x86_64-debian-gcc | 1.4.9 | 7.18 | 92.76 | 99.94 | OK | |
r-devel-linux-x86_64-fedora-clang | 1.4.9 | 161.54 | OK | |||
r-devel-linux-x86_64-fedora-gcc | 1.4.9 | 189.89 | OK | |||
r-devel-windows-x86_64 | 1.4.9 | 17.00 | 172.00 | 189.00 | NOTE | |
r-patched-linux-x86_64 | 1.4.9 | 8.26 | 123.36 | 131.62 | OK | |
r-release-linux-x86_64 | 1.4.9 | 7.78 | 121.10 | 128.88 | OK | |
r-release-macos-arm64 | 1.4.9 | 41.00 | OK | |||
r-release-macos-x86_64 | 1.4.9 | 59.00 | OK | |||
r-release-windows-x86_64 | 1.4.9 | 16.00 | 178.00 | 194.00 | NOTE | |
r-oldrel-macos-arm64 | 1.4.9 | 52.00 | OK | |||
r-oldrel-macos-x86_64 | 1.4.9 | 87.00 | OK | |||
r-oldrel-windows-ix86+x86_64 | 1.4.9 | 16.00 | 154.00 | 170.00 | NOTE |
Version: 1.4.9
Check: package dependencies
Result: NOTE
Package suggested but not available for checking: 'doMC'
Flavors: r-devel-windows-x86_64, r-release-windows-x86_64, r-oldrel-windows-ix86+x86_64