CRAN Package Check Results for Package LDNN

Last updated on 2022-01-27 15:53:38 CET.

Flavor Version Tinstall Tcheck Ttotal Status Flags
r-devel-linux-x86_64-debian-clang 1.10 7.67 82.71 90.38 NOTE
r-devel-linux-x86_64-debian-gcc 1.10 6.98 65.10 72.08 NOTE
r-devel-linux-x86_64-fedora-clang 1.10 118.20 NOTE
r-devel-linux-x86_64-fedora-gcc 1.10 105.25 NOTE
r-devel-windows-x86_64-new-UL 1.10 19.00 100.00 119.00 NOTE
r-devel-windows-x86_64-new-TK 1.10 NOTE
r-patched-linux-x86_64 1.10 6.26 77.04 83.30 NOTE
r-release-linux-x86_64 1.10 4.85 76.46 81.31 NOTE
r-release-macos-arm64 1.10 NOTE
r-release-macos-x86_64 1.10 NOTE
r-release-windows-ix86+x86_64 1.10 19.00 90.00 109.00 NOTE
r-oldrel-macos-x86_64 1.10 NOTE
r-oldrel-windows-ix86+x86_64 1.10 21.00 90.00 111.00 OK

Check Details

Version: 1.10
Check: LazyData
Result: NOTE
     'LazyData' is specified without a 'data' directory
Flavors: r-devel-linux-x86_64-debian-clang, r-devel-linux-x86_64-debian-gcc, r-devel-linux-x86_64-fedora-clang, r-devel-linux-x86_64-fedora-gcc, r-devel-windows-x86_64-new-UL, r-devel-windows-x86_64-new-TK, r-patched-linux-x86_64, r-release-linux-x86_64, r-release-macos-arm64, r-release-macos-x86_64, r-release-windows-ix86+x86_64

Version: 1.10
Check: dependencies in R code
Result: NOTE
    Namespaces in Imports field not imported from:
     ‘devtools’ ‘reticulate’ ‘tensorflow’
     All declared Imports should be used.
Flavors: r-devel-linux-x86_64-fedora-clang, r-devel-linux-x86_64-fedora-gcc, r-devel-windows-x86_64-new-TK, r-release-macos-arm64, r-release-macos-x86_64, r-oldrel-macos-x86_64