CRAN Package Check Results for Package KScorrect

Last updated on 2024-07-18 15:49:03 CEST.

Flavor Version Tinstall Tcheck Ttotal Status Flags
r-devel-linux-x86_64-debian-clang 1.4.0 3.12 37.85 40.97 NOTE
r-devel-linux-x86_64-debian-gcc 1.4.0 2.44 27.43 29.87 NOTE
r-devel-linux-x86_64-fedora-clang 1.4.0 49.17 NOTE
r-devel-linux-x86_64-fedora-gcc 1.4.0 47.42 NOTE
r-devel-windows-x86_64 1.4.0 4.00 49.00 53.00 NOTE
r-patched-linux-x86_64 1.4.0 3.30 35.40 38.70 NOTE
r-release-linux-x86_64 1.4.0 3.00 35.59 38.59 NOTE
r-release-macos-arm64 1.4.0 17.00 NOTE
r-release-macos-x86_64 1.4.0 28.00 NOTE
r-release-windows-x86_64 1.4.0 3.00 49.00 52.00 NOTE
r-oldrel-macos-arm64 1.4.0 19.00 NOTE
r-oldrel-macos-x86_64 1.4.0 26.00 NOTE
r-oldrel-windows-x86_64 1.4.0 4.00 48.00 52.00 NOTE

Check Details

Version: 1.4.0
Check: Rd files
Result: NOTE checkRd: (-1) ks_test_stat.Rd:14: Lost braces 14 | are valid. See /code{LcKS} for accepted functions.} | ^ Flavors: r-devel-linux-x86_64-debian-clang, r-devel-linux-x86_64-debian-gcc, r-devel-linux-x86_64-fedora-clang, r-devel-linux-x86_64-fedora-gcc, r-devel-windows-x86_64, r-patched-linux-x86_64, r-release-linux-x86_64, r-release-macos-arm64, r-release-macos-x86_64, r-release-windows-x86_64

Version: 1.4.0
Check: LazyData
Result: NOTE 'LazyData' is specified without a 'data' directory Flavors: r-devel-linux-x86_64-debian-clang, r-devel-linux-x86_64-debian-gcc, r-devel-linux-x86_64-fedora-clang, r-devel-linux-x86_64-fedora-gcc, r-devel-windows-x86_64, r-patched-linux-x86_64, r-release-linux-x86_64, r-release-macos-arm64, r-release-macos-x86_64, r-release-windows-x86_64, r-oldrel-macos-arm64, r-oldrel-macos-x86_64, r-oldrel-windows-x86_64