CRAN Package Check Results for Package Jaya

Last updated on 2021-12-02 15:52:43 CET.

Flavor Version Tinstall Tcheck Ttotal Status Flags
r-devel-linux-x86_64-debian-clang 0.1.9 2.19 133.62 135.81 NOTE
r-devel-linux-x86_64-debian-gcc 0.1.9 1.64 95.31 96.95 NOTE
r-devel-linux-x86_64-fedora-clang 0.1.9 164.35 NOTE
r-devel-linux-x86_64-fedora-gcc 0.1.9 166.22 NOTE
r-devel-windows-x86_64-new-UL 0.1.9 7.00 167.00 174.00 NOTE
r-devel-windows-x86_64-new-TK 0.1.9 NOTE
r-devel-windows-x86_64-old 0.1.9 5.00 128.00 133.00 NOTE
r-patched-linux-x86_64 0.1.9 2.25 126.80 129.05 NOTE
r-patched-solaris-x86 0.1.9 53.80 NOTE
r-release-linux-x86_64 0.1.9 2.19 126.16 128.35 NOTE
r-release-macos-arm64 0.1.9 NOTE
r-release-macos-x86_64 0.1.9 NOTE
r-release-windows-ix86+x86_64 0.1.9 5.00 161.00 166.00 NOTE
r-oldrel-macos-x86_64 0.1.9 NOTE
r-oldrel-windows-ix86+x86_64 0.1.9 5.00 163.00 168.00 OK

Check Details

Version: 0.1.9
Check: LazyData
Result: NOTE
     'LazyData' is specified without a 'data' directory
Flavors: r-devel-linux-x86_64-debian-clang, r-devel-linux-x86_64-debian-gcc, r-devel-linux-x86_64-fedora-clang, r-devel-linux-x86_64-fedora-gcc, r-devel-windows-x86_64-new-UL, r-devel-windows-x86_64-new-TK, r-devel-windows-x86_64-old, r-patched-linux-x86_64, r-patched-solaris-x86, r-release-linux-x86_64, r-release-macos-arm64, r-release-macos-x86_64, r-release-windows-ix86+x86_64

Version: 0.1.9
Check: dependencies in R code
Result: NOTE
    Namespace in Imports field not imported from: ‘GA’
     All declared Imports should be used.
Flavors: r-devel-linux-x86_64-fedora-clang, r-devel-linux-x86_64-fedora-gcc, r-devel-windows-x86_64-new-TK, r-patched-solaris-x86, r-release-macos-arm64, r-release-macos-x86_64, r-oldrel-macos-x86_64