CRAN Package Check Results for Package JOUSBoost

Last updated on 2021-11-30 03:56:58 CET.

Flavor Version Tinstall Tcheck Ttotal Status Flags
r-devel-linux-x86_64-debian-clang 2.1.0 19.17 53.99 73.16 OK
r-devel-linux-x86_64-debian-gcc 2.1.0 13.43 43.73 57.16 OK
r-devel-linux-x86_64-fedora-clang 2.1.0 116.02 NOTE
r-devel-linux-x86_64-fedora-gcc 2.1.0 104.08 NOTE
r-devel-windows-x86_64-new-UL 2.1.0 29.00 150.00 179.00 OK
r-devel-windows-x86_64-new-TK 2.1.0 NOTE
r-devel-windows-x86_64-old 2.1.0 26.00 83.00 109.00 OK
r-patched-linux-x86_64 2.1.0 14.66 52.82 67.48 OK
r-patched-solaris-x86 2.1.0 123.80 NOTE
r-release-linux-x86_64 2.1.0 17.28 52.45 69.73 OK
r-release-macos-arm64 2.1.0 NOTE
r-release-macos-x86_64 2.1.0 NOTE
r-release-windows-ix86+x86_64 2.1.0 45.00 108.00 153.00 OK
r-oldrel-macos-x86_64 2.1.0 NOTE
r-oldrel-windows-ix86+x86_64 2.1.0 33.00 94.00 127.00 OK

Check Details

Version: 2.1.0
Check: dependencies in R code
Result: NOTE
    Namespace in Imports field not imported from: ‘doParallel’
     All declared Imports should be used.
Flavors: r-devel-linux-x86_64-fedora-clang, r-devel-linux-x86_64-fedora-gcc, r-devel-windows-x86_64-new-TK, r-patched-solaris-x86, r-release-macos-arm64, r-release-macos-x86_64, r-oldrel-macos-x86_64