CRAN Package Check Results for Package IRTShiny

Last updated on 2022-01-27 15:53:38 CET.

Flavor Version Tinstall Tcheck Ttotal Status Flags
r-devel-linux-x86_64-debian-clang 1.2 9.02 85.72 94.74 NOTE
r-devel-linux-x86_64-debian-gcc 1.2 6.80 65.11 71.91 NOTE
r-devel-linux-x86_64-fedora-clang 1.2 121.74 NOTE
r-devel-linux-x86_64-fedora-gcc 1.2 101.96 NOTE
r-devel-windows-x86_64-new-UL 1.2 22.00 98.00 120.00 NOTE
r-devel-windows-x86_64-new-TK 1.2 NOTE
r-patched-linux-x86_64 1.2 8.65 77.08 85.73 NOTE
r-release-linux-x86_64 1.2 6.21 75.79 82.00 NOTE
r-release-macos-arm64 1.2 NOTE
r-release-macos-x86_64 1.2 NOTE
r-release-windows-ix86+x86_64 1.2 20.00 93.00 113.00 NOTE
r-oldrel-macos-x86_64 1.2 OK
r-oldrel-windows-ix86+x86_64 1.2 20.00 91.00 111.00 OK

Check Details

Version: 1.2
Check: LazyData
Result: NOTE
     'LazyData' is specified without a 'data' directory
Flavors: r-devel-linux-x86_64-debian-clang, r-devel-linux-x86_64-debian-gcc, r-devel-linux-x86_64-fedora-clang, r-devel-linux-x86_64-fedora-gcc, r-devel-windows-x86_64-new-UL, r-devel-windows-x86_64-new-TK, r-patched-linux-x86_64, r-release-linux-x86_64, r-release-macos-arm64, r-release-macos-x86_64, r-release-windows-ix86+x86_64