CRAN Package Check Results for Package IRCcheck

Last updated on 2022-01-18 03:52:16 CET.

Flavor Version Tinstall Tcheck Ttotal Status Flags
r-devel-linux-x86_64-debian-clang 1.0.0 6.17 60.50 66.67 OK
r-devel-linux-x86_64-debian-gcc 1.0.0 4.65 46.15 50.80 OK
r-devel-linux-x86_64-fedora-clang 1.0.0 82.79 NOTE
r-devel-linux-x86_64-fedora-gcc 1.0.0 68.16 NOTE
r-devel-windows-x86_64-new-UL 1.0.0 33.00 76.00 109.00 OK
r-devel-windows-x86_64-new-TK 1.0.0 NOTE
r-patched-linux-x86_64 1.0.0 5.34 57.21 62.55 OK
r-release-linux-x86_64 1.0.0 OK
r-release-macos-arm64 1.0.0 NOTE
r-release-macos-x86_64 1.0.0 NOTE
r-release-windows-ix86+x86_64 1.0.0 15.00 72.00 87.00 OK
r-oldrel-macos-x86_64 1.0.0 NOTE
r-oldrel-windows-ix86+x86_64 1.0.0 15.00 77.00 92.00 OK

Check Details

Version: 1.0.0
Check: dependencies in R code
Result: NOTE
    Namespaces in Imports field not imported from:
     ‘Rdpack’ ‘glmnet’
     All declared Imports should be used.
Flavors: r-devel-linux-x86_64-fedora-clang, r-devel-linux-x86_64-fedora-gcc, r-devel-windows-x86_64-new-TK, r-release-macos-arm64, r-release-macos-x86_64, r-oldrel-macos-x86_64