CRAN Package Check Results for Package IPDFileCheck

Last updated on 2022-01-23 02:56:14 CET.

Flavor Version Tinstall Tcheck Ttotal Status Flags
r-devel-linux-x86_64-debian-clang 0.7.2 13.06 448.95 462.01 OK
r-devel-linux-x86_64-debian-gcc 0.7.2 11.98 316.99 328.97 OK
r-devel-linux-x86_64-fedora-clang 0.7.2 571.85 NOTE
r-devel-linux-x86_64-fedora-gcc 0.7.2 181.54 NOTE
r-devel-windows-x86_64-new-UL 0.7.2 109.00 308.00 417.00 OK
r-devel-windows-x86_64-new-TK 0.7.2 ERROR
r-patched-linux-x86_64 0.7.2 13.07 422.64 435.71 OK
r-release-linux-x86_64 0.7.2 10.65 411.42 422.07 OK
r-release-macos-arm64 0.7.2 NOTE
r-release-macos-x86_64 0.7.2 NOTE
r-release-windows-ix86+x86_64 0.7.2 44.00 286.00 330.00 OK
r-oldrel-macos-x86_64 0.7.2 NOTE
r-oldrel-windows-ix86+x86_64 0.7.2 44.00 272.00 316.00 OK

Check Details

Version: 0.7.2
Check: dependencies in R code
Result: NOTE
    Namespaces in Imports field not imported from:
     ‘testthat’ ‘tidyverse’
     All declared Imports should be used.
Flavors: r-devel-linux-x86_64-fedora-clang, r-devel-linux-x86_64-fedora-gcc, r-release-macos-arm64, r-release-macos-x86_64, r-oldrel-macos-x86_64

Version: 0.7.2
Check: package dependencies
Result: ERROR
    Package required but not available: 'eeptools'
    
    See section 'The DESCRIPTION file' in the 'Writing R Extensions'
    manual.
Flavor: r-devel-windows-x86_64-new-TK