CRAN Package Check Results for Package IOHexperimenter

Last updated on 2024-07-22 03:49:19 CEST.

Flavor Version Tinstall Tcheck Ttotal Status Flags
r-devel-linux-x86_64-debian-clang 0.1.4 47.38 34.47 81.85 NOTE
r-devel-linux-x86_64-debian-gcc 0.1.4 35.42 26.82 62.24 NOTE
r-devel-linux-x86_64-fedora-clang 0.1.4 132.21 NOTE
r-devel-linux-x86_64-fedora-gcc 0.1.4 142.70 NOTE
r-devel-windows-x86_64 0.1.4 59.00 72.00 131.00 NOTE
r-patched-linux-x86_64 0.1.4 49.33 33.46 82.79 NOTE
r-release-linux-x86_64 0.1.4 45.47 33.80 79.27 NOTE
r-release-macos-arm64 0.1.4 33.00 NOTE
r-release-macos-x86_64 0.1.4 50.00 NOTE
r-release-windows-x86_64 0.1.4 65.00 72.00 137.00 NOTE
r-oldrel-macos-arm64 0.1.4 40.00 NOTE
r-oldrel-macos-x86_64 0.1.4 63.00 NOTE
r-oldrel-windows-x86_64 0.1.4 57.00 83.00 140.00 NOTE

Check Details

Version: 0.1.4
Check: C++ specification
Result: NOTE Specified C++11: please drop specification unless essential Flavors: r-devel-linux-x86_64-debian-clang, r-devel-linux-x86_64-debian-gcc, r-devel-linux-x86_64-fedora-clang, r-devel-linux-x86_64-fedora-gcc, r-devel-windows-x86_64, r-patched-linux-x86_64, r-release-linux-x86_64, r-release-macos-arm64, r-release-macos-x86_64, r-release-windows-x86_64, r-oldrel-macos-arm64, r-oldrel-macos-x86_64, r-oldrel-windows-x86_64

Version: 0.1.4
Check: Rd files
Result: NOTE checkRd: (-1) IOHproblem.Rd:31: Lost braces in \itemize; meant \describe ? checkRd: (-1) IOHproblem.Rd:32: Lost braces in \itemize; meant \describe ? checkRd: (-1) IOHproblem.Rd:33: Lost braces in \itemize; meant \describe ? checkRd: (-1) IOHproblem.Rd:34: Lost braces in \itemize; meant \describe ? checkRd: (-1) IOHproblem.Rd:35: Lost braces in \itemize; meant \describe ? checkRd: (-1) IOHproblem.Rd:36: Lost braces in \itemize; meant \describe ? checkRd: (-1) IOHproblem.Rd:37: Lost braces in \itemize; meant \describe ? checkRd: (-1) IOHproblem.Rd:38: Lost braces in \itemize; meant \describe ? checkRd: (-1) IOHproblem.Rd:39-40: Lost braces in \itemize; meant \describe ? checkRd: (-1) IOHproblem.Rd:44: Lost braces in \itemize; meant \describe ? checkRd: (-1) IOHproblem.Rd:45: Lost braces in \itemize; meant \describe ? checkRd: (-1) IOHproblem.Rd:46-48: Lost braces in \itemize; meant \describe ? Flavors: r-devel-linux-x86_64-debian-clang, r-devel-linux-x86_64-debian-gcc, r-devel-linux-x86_64-fedora-clang, r-devel-linux-x86_64-fedora-gcc, r-devel-windows-x86_64, r-patched-linux-x86_64, r-release-linux-x86_64, r-release-macos-arm64, r-release-macos-x86_64, r-release-windows-x86_64

Version: 0.1.4
Check: LazyData
Result: NOTE 'LazyData' is specified without a 'data' directory Flavors: r-devel-linux-x86_64-debian-clang, r-devel-linux-x86_64-debian-gcc, r-devel-linux-x86_64-fedora-clang, r-devel-linux-x86_64-fedora-gcc, r-devel-windows-x86_64, r-patched-linux-x86_64, r-release-linux-x86_64, r-release-macos-arm64, r-release-macos-x86_64, r-release-windows-x86_64, r-oldrel-macos-arm64, r-oldrel-macos-x86_64, r-oldrel-windows-x86_64

Version: 0.1.4
Check: installed package size
Result: NOTE installed size is 6.4Mb sub-directories of 1Mb or more: libs 6.2Mb Flavors: r-release-macos-arm64, r-release-macos-x86_64, r-oldrel-macos-arm64, r-oldrel-macos-x86_64