CRAN Package Check Results for Package INSPIRE

Last updated on 2022-01-27 15:53:37 CET.

Flavor Version Tinstall Tcheck Ttotal Status Flags
r-devel-linux-x86_64-debian-clang 1.5 7.82 71.10 78.92 OK
r-devel-linux-x86_64-debian-gcc 1.5 6.44 52.84 59.28 OK
r-devel-linux-x86_64-fedora-clang 1.5 94.04 NOTE
r-devel-linux-x86_64-fedora-gcc 1.5 81.58 NOTE
r-devel-windows-x86_64-new-UL 1.5 18.00 92.00 110.00 OK
r-devel-windows-x86_64-new-TK 1.5 ERROR
r-patched-linux-x86_64 1.5 8.28 63.90 72.18 OK
r-release-linux-x86_64 1.5 7.30 62.41 69.71 OK
r-release-macos-arm64 1.5 OK
r-release-macos-x86_64 1.5 OK
r-release-windows-ix86+x86_64 1.5 22.00 102.00 124.00 OK
r-oldrel-macos-x86_64 1.5 OK
r-oldrel-windows-ix86+x86_64 1.5 21.00 104.00 125.00 OK

Check Details

Version: 1.5
Check: compiled code
Result: NOTE
    File ‘INSPIRE/libs/INSPIRE.so’:
     Found no calls to: ‘R_registerRoutines’, ‘R_useDynamicSymbols’
    
    It is good practice to register native routines and to disable symbol
    search.
    
    See ‘Writing portable packages’ in the ‘Writing R Extensions’ manual.
Flavors: r-devel-linux-x86_64-fedora-clang, r-devel-linux-x86_64-fedora-gcc

Version: 1.5
Check: package dependencies
Result: ERROR
    Package required but not available: 'missMDA'
    
    See section 'The DESCRIPTION file' in the 'Writing R Extensions'
    manual.
Flavor: r-devel-windows-x86_64-new-TK