CRAN Package Check Results for Package INLABMA

Last updated on 2022-10-01 15:52:54 CEST.

Flavor Version Tinstall Tcheck Ttotal Status Flags
r-devel-linux-x86_64-debian-clang 0.1-11 6.78 79.61 86.39 NOTE
r-devel-linux-x86_64-debian-gcc 0.1-11 5.25 58.04 63.29 NOTE
r-devel-linux-x86_64-fedora-clang 0.1-11 126.47 OK
r-devel-linux-x86_64-fedora-gcc 0.1-11 124.45 OK
r-devel-windows-x86_64 0.1-11 14.00 99.00 113.00 NOTE
r-patched-linux-x86_64 0.1-11 7.07 73.98 81.05 NOTE
r-release-linux-x86_64 0.1-11 5.54 74.10 79.64 NOTE
r-release-macos-arm64 0.1-11 88.00 NOTE
r-release-macos-x86_64 0.1-11 114.00 NOTE
r-release-windows-x86_64 0.1-11 16.00 99.00 115.00 NOTE
r-oldrel-macos-arm64 0.1-11 63.00 NOTE
r-oldrel-macos-x86_64 0.1-11 85.00 NOTE
r-oldrel-windows-ix86+x86_64 0.1-11 22.00 99.00 121.00 OK

Check Details

Version: 0.1-11
Check: package dependencies
Result: NOTE
    Package suggested but not available for checking: 'INLA'
Flavors: r-devel-linux-x86_64-debian-clang, r-devel-linux-x86_64-debian-gcc, r-devel-windows-x86_64, r-patched-linux-x86_64, r-release-linux-x86_64, r-release-macos-arm64, r-release-macos-x86_64, r-release-windows-x86_64, r-oldrel-macos-arm64, r-oldrel-macos-x86_64