Last updated on 2023-03-24 03:54:18 CET.
Flavor | Version | Tinstall | Tcheck | Ttotal | Status | Flags |
---|---|---|---|---|---|---|
r-devel-linux-x86_64-debian-clang | 0.2.0 | 75.22 | 166.91 | 242.13 | NOTE | |
r-devel-linux-x86_64-debian-gcc | 0.2.0 | 58.90 | 119.95 | 178.85 | NOTE | |
r-devel-linux-x86_64-fedora-clang | 0.2.0 | 299.93 | NOTE | |||
r-devel-linux-x86_64-fedora-gcc | 0.2.0 | 292.81 | NOTE | |||
r-devel-windows-x86_64 | 0.2.0 | 142.00 | 259.00 | 401.00 | NOTE | |
r-patched-linux-x86_64 | 0.2.0 | 69.37 | 141.25 | 210.62 | NOTE | |
r-release-linux-x86_64 | 0.2.0 | 62.62 | 140.90 | 203.52 | NOTE | |
r-release-macos-arm64 | 0.2.0 | 63.00 | NOTE | |||
r-release-macos-x86_64 | 0.2.0 | 88.00 | NOTE | |||
r-release-windows-x86_64 | 0.2.0 | 161.00 | 207.00 | 368.00 | NOTE | |
r-oldrel-macos-arm64 | 0.2.0 | 63.00 | NOTE | |||
r-oldrel-macos-x86_64 | 0.2.0 | 92.00 | NOTE | |||
r-oldrel-windows-ix86+x86_64 | 0.2.0 | 153.00 | 194.00 | 347.00 | NOTE |
Version: 0.2.0
Check: package dependencies
Result: NOTE
Package suggested but not available for checking: ‘IFCdata’
Flavors: r-devel-linux-x86_64-debian-clang, r-devel-linux-x86_64-debian-gcc, r-devel-linux-x86_64-fedora-clang, r-devel-linux-x86_64-fedora-gcc, r-devel-windows-x86_64, r-patched-linux-x86_64, r-release-linux-x86_64, r-release-macos-arm64, r-release-macos-x86_64, r-release-windows-x86_64, r-oldrel-macos-arm64, r-oldrel-macos-x86_64, r-oldrel-windows-ix86+x86_64
Version: 0.2.0
Check: installed package size
Result: NOTE
installed size is 6.4Mb
sub-directories of 1Mb or more:
R 1.1Mb
libs 4.5Mb
Flavors: r-release-macos-arm64, r-release-macos-x86_64, r-oldrel-macos-arm64, r-oldrel-macos-x86_64