CRAN Package Check Results for Package IDE

Last updated on 2022-01-24 15:54:14 CET.

Flavor Version Tinstall Tcheck Ttotal Status Flags
r-devel-linux-x86_64-debian-clang 0.3.0 16.62 182.10 198.72 NOTE
r-devel-linux-x86_64-debian-gcc 0.3.0 13.73 133.70 147.43 NOTE
r-devel-linux-x86_64-fedora-clang 0.3.0 261.93 NOTE
r-devel-linux-x86_64-fedora-gcc 0.3.0 248.11 NOTE
r-devel-windows-x86_64-new-UL 0.3.0 28.00 203.00 231.00 NOTE
r-devel-windows-x86_64-new-TK 0.3.0 ERROR
r-patched-linux-x86_64 0.3.0 16.60 167.11 183.71 NOTE
r-release-linux-x86_64 0.3.0 14.12 167.30 181.42 NOTE
r-release-macos-arm64 0.3.0 NOTE
r-release-macos-x86_64 0.3.0 NOTE
r-release-windows-ix86+x86_64 0.3.0 23.00 205.00 228.00 NOTE
r-oldrel-macos-x86_64 0.3.0 OK
r-oldrel-windows-ix86+x86_64 0.3.0 40.00 206.00 246.00 OK

Check Details

Version: 0.3.0
Check: LazyData
Result: NOTE
     'LazyData' is specified without a 'data' directory
Flavors: r-devel-linux-x86_64-debian-clang, r-devel-linux-x86_64-debian-gcc, r-devel-linux-x86_64-fedora-clang, r-devel-linux-x86_64-fedora-gcc, r-devel-windows-x86_64-new-UL, r-patched-linux-x86_64, r-release-linux-x86_64, r-release-macos-arm64, r-release-macos-x86_64, r-release-windows-ix86+x86_64

Version: 0.3.0
Check: package dependencies
Result: ERROR
    Package required but not available: 'FRK'
    
    See section 'The DESCRIPTION file' in the 'Writing R Extensions'
    manual.
Flavor: r-devel-windows-x86_64-new-TK